{"id":761,"date":"2026-03-31T20:38:20","date_gmt":"2026-03-31T20:38:20","guid":{"rendered":"https:\/\/servicelar.com\/?post_type=product&#038;p=761"},"modified":"2026-03-31T21:59:39","modified_gmt":"2026-03-31T21:59:39","slug":"instalacao-de-quadro","status":"publish","type":"product","link":"https:\/\/servicelar.com\/?product=instalacao-de-quadro","title":{"rendered":"Instala\u00e7\u00e3o de quadro"},"content":{"rendered":"<p>Instala\u00e7\u00e3o de quadro com fixa\u00e7\u00e3o segura na parede, garantindo alinhamento correto e estabilidade, pronto para exposi\u00e7\u00e3o.<\/p>\n<h3 data-section-id=\"195hvwd\" data-start=\"201\" data-end=\"221\">\u2705 O que inclui:<\/h3>\n<hr \/>\n<p>\u2705 Marca\u00e7\u00e3o e nivelamento<\/p>\n<p>\u2705 Fura\u00e7\u00e3o e aplica\u00e7\u00e3o de buchas\/parafusos adequados<\/p>\n<p>\u2705 Fixa\u00e7\u00e3o do quadro na parede<\/p>\n<p>\u2705 Verifica\u00e7\u00e3o de estabilidade e alinhamento<\/p>\n<h3 data-section-id=\"c0nc08\" data-start=\"387\" data-end=\"410\">\u274e O que n\u00e3o inclui:<\/h3>\n<hr \/>\n<p>\u274e Fornecimento do quadro<\/p>\n<p>\u274e Repara\u00e7\u00e3o ou prepara\u00e7\u00e3o da parede<\/p>\n<p>\u274e Instala\u00e7\u00e3o de m\u00faltiplos quadros sem acordo pr\u00e9vio<\/p>\n<p>\u274e Remo\u00e7\u00e3o de quadros antigos<\/p>\n","protected":false},"excerpt":{"rendered":"<p>Quadro fixo, alinhado e seguro.<\/p>\n","protected":false},"featured_media":765,"template":"","meta":[],"product_brand":[],"product_cat":[23],"product_tag":[],"class_list":{"0":"post-761","1":"product","2":"type-product","3":"status-publish","4":"has-post-thumbnail","6":"product_cat-instalacao","8":"first","9":"instock","10":"shipping-taxable","11":"purchasable","12":"product-type-variable"},"_links":{"self":[{"href":"https:\/\/servicelar.com\/index.php?rest_route=\/wp\/v2\/product\/761","targetHints":{"allow":["GET"]}}],"collection":[{"href":"https:\/\/servicelar.com\/index.php?rest_route=\/wp\/v2\/product"}],"about":[{"href":"https:\/\/servicelar.com\/index.php?rest_route=\/wp\/v2\/types\/product"}],"version-history":[{"count":1,"href":"https:\/\/servicelar.com\/index.php?rest_route=\/wp\/v2\/product\/761\/revisions"}],"predecessor-version":[{"id":766,"href":"https:\/\/servicelar.com\/index.php?rest_route=\/wp\/v2\/product\/761\/revisions\/766"}],"wp:featuredmedia":[{"embeddable":true,"href":"https:\/\/servicelar.com\/index.php?rest_route=\/wp\/v2\/media\/765"}],"wp:attachment":[{"href":"https:\/\/servicelar.com\/index.php?rest_route=%2Fwp%2Fv2%2Fmedia&parent=761"}],"wp:term":[{"taxonomy":"product_brand","embeddable":true,"href":"https:\/\/servicelar.com\/index.php?rest_route=%2Fwp%2Fv2%2Fproduct_brand&post=761"},{"taxonomy":"product_cat","embeddable":true,"href":"https:\/\/servicelar.com\/index.php?rest_route=%2Fwp%2Fv2%2Fproduct_cat&post=761"},{"taxonomy":"product_tag","embeddable":true,"href":"https:\/\/servicelar.com\/index.php?rest_route=%2Fwp%2Fv2%2Fproduct_tag&post=761"}],"curies":[{"name":"wp","href":"https:\/\/api.w.org\/{rel}","templated":true}]}}