{"id":758,"date":"2026-03-31T20:24:02","date_gmt":"2026-03-31T20:24:02","guid":{"rendered":"https:\/\/servicelar.com\/?post_type=product&#038;p=758"},"modified":"2026-03-31T20:24:02","modified_gmt":"2026-03-31T20:24:02","slug":"instalacao-de-varao-de-cortinado","status":"publish","type":"product","link":"https:\/\/servicelar.com\/?product=instalacao-de-varao-de-cortinado","title":{"rendered":"Instala\u00e7\u00e3o de var\u00e3o de cortinado"},"content":{"rendered":"<p>Instala\u00e7\u00e3o de var\u00e3o de cortinado com fixa\u00e7\u00e3o segura \u00e0 parede ou teto, garantindo alinhamento correto e estabilidade para suportar o peso das cortinas.<\/p>\n<h3 data-section-id=\"195hvwd\" data-start=\"231\" data-end=\"251\">\u2705 O que inclui:<\/h3>\n<p>\u2705 Marca\u00e7\u00e3o e fura\u00e7\u00e3o<\/p>\n<p>\u2705 Aplica\u00e7\u00e3o de buchas e suportes<\/p>\n<p>\u2705 Fixa\u00e7\u00e3o do var\u00e3o<\/p>\n<p>\u2705 Nivelamento e verifica\u00e7\u00e3o de estabilidade<\/p>\n<h3 data-section-id=\"c0nc08\" data-start=\"383\" data-end=\"406\">\u274e O que n\u00e3o inclui:<\/h3>\n<hr \/>\n<p>\u274e Fornecimento de materiais<\/p>\n<p>\u274e Repara\u00e7\u00e3o de paredes<\/p>\n<p>\u274e Altera\u00e7\u00f5es estruturais<\/p>\n<p>\u274e Remo\u00e7\u00e3o de var\u00f5es antigos<\/p>\n","protected":false},"excerpt":{"rendered":"<p>Fixa\u00e7\u00e3o firme e acabamento alinhado.<\/p>\n","protected":false},"featured_media":759,"template":"","meta":[],"product_brand":[],"product_cat":[23],"product_tag":[],"class_list":{"0":"post-758","1":"product","2":"type-product","3":"status-publish","4":"has-post-thumbnail","6":"product_cat-instalacao","8":"first","9":"instock","10":"shipping-taxable","11":"purchasable","12":"product-type-simple"},"_links":{"self":[{"href":"https:\/\/servicelar.com\/index.php?rest_route=\/wp\/v2\/product\/758","targetHints":{"allow":["GET"]}}],"collection":[{"href":"https:\/\/servicelar.com\/index.php?rest_route=\/wp\/v2\/product"}],"about":[{"href":"https:\/\/servicelar.com\/index.php?rest_route=\/wp\/v2\/types\/product"}],"version-history":[{"count":1,"href":"https:\/\/servicelar.com\/index.php?rest_route=\/wp\/v2\/product\/758\/revisions"}],"predecessor-version":[{"id":760,"href":"https:\/\/servicelar.com\/index.php?rest_route=\/wp\/v2\/product\/758\/revisions\/760"}],"wp:featuredmedia":[{"embeddable":true,"href":"https:\/\/servicelar.com\/index.php?rest_route=\/wp\/v2\/media\/759"}],"wp:attachment":[{"href":"https:\/\/servicelar.com\/index.php?rest_route=%2Fwp%2Fv2%2Fmedia&parent=758"}],"wp:term":[{"taxonomy":"product_brand","embeddable":true,"href":"https:\/\/servicelar.com\/index.php?rest_route=%2Fwp%2Fv2%2Fproduct_brand&post=758"},{"taxonomy":"product_cat","embeddable":true,"href":"https:\/\/servicelar.com\/index.php?rest_route=%2Fwp%2Fv2%2Fproduct_cat&post=758"},{"taxonomy":"product_tag","embeddable":true,"href":"https:\/\/servicelar.com\/index.php?rest_route=%2Fwp%2Fv2%2Fproduct_tag&post=758"}],"curies":[{"name":"wp","href":"https:\/\/api.w.org\/{rel}","templated":true}]}}