{"id":747,"date":"2026-03-31T20:01:51","date_gmt":"2026-03-31T20:01:51","guid":{"rendered":"https:\/\/servicelar.com\/?post_type=product&#038;p=747"},"modified":"2026-03-31T20:01:51","modified_gmt":"2026-03-31T20:01:51","slug":"instalacao-de-coluna-de-duche","status":"publish","type":"product","link":"https:\/\/servicelar.com\/?product=instalacao-de-coluna-de-duche","title":{"rendered":"Instala\u00e7\u00e3o de coluna de duche"},"content":{"rendered":"<p>Instala\u00e7\u00e3o de coluna de duche com liga\u00e7\u00e3o \u00e0s tubagens existentes, fixa\u00e7\u00e3o segura \u00e0 parede e veda\u00e7\u00e3o adequada para garantir funcionamento sem fugas. Inclui testes finais de funcionamento.<\/p>\n<h3>\u274e O que inclui:<\/h3>\n<hr \/>\n<p>\u274e Instala\u00e7\u00e3o da coluna de duche<\/p>\n<p>\u274e Liga\u00e7\u00e3o \u00e0s tubagens existentes<\/p>\n<p>\u274e Fixa\u00e7\u00e3o \u00e0 parede<\/p>\n<p>\u274e Veda\u00e7\u00e3o para evitar fugas<\/p>\n<p>\u274e Teste de funcionamento<\/p>\n<h3>\u274e O que n\u00e3o inclui:<\/h3>\n<hr \/>\n<p>\u274e Altera\u00e7\u00f5es na canaliza\u00e7\u00e3o existente<\/p>\n<p>\u274e Obras (fura\u00e7\u00e3o especial, azulejos, etc. complexos)<\/p>\n<p>\u274e Fornecimento da coluna de duche<\/p>\n<p>\u274e Repara\u00e7\u00e3o de fugas pr\u00e9-existentes<\/p>\n<p>\u274e Remo\u00e7\u00e3o de equipamentos antigos (salvo acordo pr\u00e9vio)<\/p>\n<p>\u274e Fornecimento de materiais<\/p>\n","protected":false},"excerpt":{"rendered":"<p>Instala\u00e7\u00e3o segura e pronta a usar.<\/p>\n","protected":false},"featured_media":748,"template":"","meta":[],"product_brand":[],"product_cat":[23],"product_tag":[],"class_list":{"0":"post-747","1":"product","2":"type-product","3":"status-publish","4":"has-post-thumbnail","6":"product_cat-instalacao","8":"first","9":"instock","10":"shipping-taxable","11":"purchasable","12":"product-type-simple"},"_links":{"self":[{"href":"https:\/\/servicelar.com\/index.php?rest_route=\/wp\/v2\/product\/747","targetHints":{"allow":["GET"]}}],"collection":[{"href":"https:\/\/servicelar.com\/index.php?rest_route=\/wp\/v2\/product"}],"about":[{"href":"https:\/\/servicelar.com\/index.php?rest_route=\/wp\/v2\/types\/product"}],"version-history":[{"count":1,"href":"https:\/\/servicelar.com\/index.php?rest_route=\/wp\/v2\/product\/747\/revisions"}],"predecessor-version":[{"id":749,"href":"https:\/\/servicelar.com\/index.php?rest_route=\/wp\/v2\/product\/747\/revisions\/749"}],"wp:featuredmedia":[{"embeddable":true,"href":"https:\/\/servicelar.com\/index.php?rest_route=\/wp\/v2\/media\/748"}],"wp:attachment":[{"href":"https:\/\/servicelar.com\/index.php?rest_route=%2Fwp%2Fv2%2Fmedia&parent=747"}],"wp:term":[{"taxonomy":"product_brand","embeddable":true,"href":"https:\/\/servicelar.com\/index.php?rest_route=%2Fwp%2Fv2%2Fproduct_brand&post=747"},{"taxonomy":"product_cat","embeddable":true,"href":"https:\/\/servicelar.com\/index.php?rest_route=%2Fwp%2Fv2%2Fproduct_cat&post=747"},{"taxonomy":"product_tag","embeddable":true,"href":"https:\/\/servicelar.com\/index.php?rest_route=%2Fwp%2Fv2%2Fproduct_tag&post=747"}],"curies":[{"name":"wp","href":"https:\/\/api.w.org\/{rel}","templated":true}]}}