{"id":177,"date":"2026-03-22T10:05:16","date_gmt":"2026-03-22T10:05:16","guid":{"rendered":"https:\/\/servicelar.com\/?post_type=product&#038;p=177"},"modified":"2026-03-30T08:41:25","modified_gmt":"2026-03-30T08:41:25","slug":"instalacao-de-quadro-eletrico","status":"publish","type":"product","link":"https:\/\/servicelar.com\/?product=instalacao-de-quadro-eletrico","title":{"rendered":"Instala\u00e7\u00e3o ou substitui\u00e7\u00e3o de quadro el\u00e9trico"},"content":{"rendered":"\t\t<div data-elementor-type=\"product-post\" data-elementor-id=\"177\" class=\"elementor elementor-177\" data-elementor-post-type=\"product\">\n\t\t\t\t<div class=\"elementor-element elementor-element-85fd5c2 e-flex e-con-boxed e-con e-parent\" data-id=\"85fd5c2\" data-element_type=\"container\" data-e-type=\"container\">\n\t\t\t\t\t<div class=\"e-con-inner\">\n\t\t\t\t<div class=\"elementor-element elementor-element-a961920 elementor-widget elementor-widget-woocommerce-product-short-description\" data-id=\"a961920\" data-element_type=\"widget\" data-e-type=\"widget\" data-widget_type=\"woocommerce-product-short-description.default\">\n\t\t\t\t\t<div class=\"woocommerce-product-details__short-description\">\n\t<p>O QUE EST\u00c1 INCLU\u00cdDO<\/p>\n<hr \/>\n<ul data-spread=\"false\">\n<li>Instala\u00e7\u00e3o de quadro el\u00e9trico novo<\/li>\n<li>Substitui\u00e7\u00e3o de quadros antigos ou danificados<\/li>\n<li>Organiza\u00e7\u00e3o e identifica\u00e7\u00e3o dos circuitos<\/li>\n<li>Testes de seguran\u00e7a e funcionamento<\/li>\n<li>Acabamento limpo e organizado<\/li>\n<\/ul>\n<p>&nbsp;<\/p>\n<p>O QUE N\u00c3O EST\u00c1 INCLU\u00cdDO<\/p>\n<hr \/>\n<ul data-spread=\"false\">\n<li>Passagem de cabos<\/li>\n<li>Instala\u00e7\u00e3o de disjuntores<\/li>\n<li>Fornecimento de materiais<\/li>\n<\/ul>\n<\/div>\n\t\t\t\t<\/div>\n\t\t\t\t\t<\/div>\n\t\t\t\t<\/div>\n\t\t\t\t<\/div>\n\t\t","protected":false},"excerpt":{"rendered":"<p>O QUE EST\u00c1 INCLU\u00cdDO<\/p>\n<hr \/>\n<ul data-spread=\"false\">\n<li>Instala\u00e7\u00e3o de quadro el\u00e9trico novo<\/li>\n<li>Substitui\u00e7\u00e3o de quadros antigos ou danificados<\/li>\n<li>Organiza\u00e7\u00e3o e identifica\u00e7\u00e3o dos circuitos<\/li>\n<li>Testes de seguran\u00e7a e funcionamento<\/li>\n<li>Acabamento limpo e organizado<\/li>\n<\/ul>\n<p>&nbsp;<\/p>\n<p>O QUE N\u00c3O EST\u00c1 INCLU\u00cdDO<\/p>\n<hr \/>\n<ul data-spread=\"false\">\n<li>Passagem de cabos<\/li>\n<li>Instala\u00e7\u00e3o de disjuntores<\/li>\n<li>Fornecimento de materiais<\/li>\n<\/ul>\n","protected":false},"featured_media":679,"template":"","meta":[],"product_brand":[],"product_cat":[19],"product_tag":[],"class_list":{"0":"post-177","1":"product","2":"type-product","3":"status-publish","4":"has-post-thumbnail","6":"product_cat-eletricidade","8":"first","9":"instock","10":"shipping-taxable","11":"purchasable","12":"product-type-simple"},"_links":{"self":[{"href":"https:\/\/servicelar.com\/index.php?rest_route=\/wp\/v2\/product\/177","targetHints":{"allow":["GET"]}}],"collection":[{"href":"https:\/\/servicelar.com\/index.php?rest_route=\/wp\/v2\/product"}],"about":[{"href":"https:\/\/servicelar.com\/index.php?rest_route=\/wp\/v2\/types\/product"}],"version-history":[{"count":10,"href":"https:\/\/servicelar.com\/index.php?rest_route=\/wp\/v2\/product\/177\/revisions"}],"predecessor-version":[{"id":520,"href":"https:\/\/servicelar.com\/index.php?rest_route=\/wp\/v2\/product\/177\/revisions\/520"}],"wp:featuredmedia":[{"embeddable":true,"href":"https:\/\/servicelar.com\/index.php?rest_route=\/wp\/v2\/media\/679"}],"wp:attachment":[{"href":"https:\/\/servicelar.com\/index.php?rest_route=%2Fwp%2Fv2%2Fmedia&parent=177"}],"wp:term":[{"taxonomy":"product_brand","embeddable":true,"href":"https:\/\/servicelar.com\/index.php?rest_route=%2Fwp%2Fv2%2Fproduct_brand&post=177"},{"taxonomy":"product_cat","embeddable":true,"href":"https:\/\/servicelar.com\/index.php?rest_route=%2Fwp%2Fv2%2Fproduct_cat&post=177"},{"taxonomy":"product_tag","embeddable":true,"href":"https:\/\/servicelar.com\/index.php?rest_route=%2Fwp%2Fv2%2Fproduct_tag&post=177"}],"curies":[{"name":"wp","href":"https:\/\/api.w.org\/{rel}","templated":true}]}}